 5) to base 15
-975a0
What is -248657 (base 9) in base 3?
-21122201221
What is 10001000001010101001 (base 2) in base 3?
1001100001221
What is 301109 (base 14) in base 8?
6125045
1122994 (base 10) to base 8
4221262
Convert 67425 (base 8) to base 6.
335353
-1a6b12 (base 16) to base 9
-3227857
-2100022010 (base 3) to base 14
-12b62
What is -11682a (base 11) in base 12?
-8aa5a
-163320 (base 10) to base 5
-20211240
What is 10001001000111000101011 (base 2) in base 5?
2122232333
21418 (base 9) to base 8
33560
Convert -742626 (base 8) to base 13.
-88688
-373bab (base 13) to base 14
-265ccd
What is -21202323213 (base 4) in base 11?
-145a087
Convert -6533 (base 15) to base 12.
-10493
Convert -1010011010000100101111 (base 2) to base 11.
-15a3848
Convert 2374453 (base 11) to base 7.
50100211
What is -300203431 (base 5) in base 8?
-4375770
101101000111100110111011 (base 2) to base 5
11011441033
What is -3071224 (base 9) in base 12?
-6718b7
What is -bd853 (base 14) in base 6?
-13505041
Convert -3ade (base 15) to base 2.
-11000100101000
Convert 1072141 (base 8) to base 15.
5b777
What is -111101111111010000 (base 2) in base 12?
-102b28
Convert -133599 (base 10) to base 8.
-404737
What is 1100100110000 (base 2) in base 15?
1d9d
122210212 (base 3) to base 16
32b7
101211122212 (base 3) to base 10
213350
4c04c (base 13) to base 4
202112000
What is -3976a7 (base 16) in base 3?
-21002022212210
Convert -340b (base 16) to base 15.
-3e33
Convert 8b9180 (base 13) to base 11.
1957847
What is 51656 (base 10) in base 9?
77765
Convert -52a90 (base 12) to base 9.
-175070
79441 (base 14) to base 6
10151105
Convert -10613055 (base 8) to base 7.
-25354620
What is 6161275 (base 8) in base 14?
3064d7
What is -60925 (base 12) in base 5?
-13010431
What is -12000002200111 (base 3) in base 10?
-2659162
-111111011101000000 (base 2) to base 14
-6aa08
10225435 (base 6) to base 13
a6322
1241025423 (base 6) to base 14
1d23447
-14165b (base 13) to base 14
-ca200
-285d4c (base 14) to base 13
-39cbc5
What is -297bd0 (base 16) in base 14?
-50aaac
Convert -a714 (base 15) to base 8.
-105020
Convert -335078 (base 9) to base 8.
-607542
What is 81140 (base 9) in base 14?
15618
-100101011101110000 (base 2) to base 9
-253446
What is -a8c527 (base 13) in base 14?
-75443a
What is 28455 (base 9) in base 5?
1104303
What is -20243134 (base 6) in base 7?
-4640536
What is -5c16b6 (base 16) in base 6?
-333204222
Convert 122333303 (base 6) to base 13.
648711
What is -1804823 (base 10) in base 9?
-3350668
Convert -2577403 (base 8) to base 16.
-aff03
2565752 (base 8) to base 4
2232233222
5930e (base 15) to base 14
757d3
What is -1da9 (base 16) in base 13?
-35c1
Convert -12165226 (base 7) to base 16.
-10a92f
Convert 52f4f7 (base 16) to base 5.
2342433123
113303030 (base 4) to base 9
157645
What is 163093 (base 10) in base 5?
20204333
-2243000 (base 8) to base 2
-10010100011000000000
-5025f (base 16) to base 2
-1010000001001011111
Convert -101101101010110110100 (base 2) to base 11.
-932385
Convert 2d9848 (base 15) to base 11.
127981a
What is -37aa93 (base 12) in base 5?
-213113404
Convert 111210022 (base 3) to base 7.
41210
What is -101110010100011100101 (base 2) in base 3?
-2212010000201
Convert -1044342 (base 5) to base 13.
-86a2
What is -101100110110100110001 (base 2) in base 14?
-2a389b
203b8b3 (base 12) to base 2
10111000110001001000111
11002020021222 (base 3) to base 15
2ccd2e
What is -2526121 (base 8) in base 4?
-2222301101
Convert 1010101011110001111 (base 2) to base 5.
42200340
Convert 103220323 (base 4) to base 6.
1420231
13300222 (base 6) to base 7
3524321
What is 1001110000101100110 (base 2) in base 3?
121020202011
-316bb (base 12) to base 13
-23738
5d4bc (base 16) to base 2
1011101010010111100
What is 224648 (base 11) in base 7?
3016143
What is 1010010010011011010000 (base 2) in base 8?
12223320
-100011230 (base 4) to base 16
-1016c
What is -121501445 (base 6) in base 5?
-1043403123
Convert -67a3d8 (base 14) to base 11.
-1a97764
Convert -100001000100110011110 (base 2) to base 6.
-35121342
What is -6b023a (base 14) in base 2?
-1101111011000110101100
What is 18590 (base 11) in base 12?
13061
-45201415 (base 6) to base 14
-278c5d
What is -3cabc (base 16) in base 9?
-417800
What is 2794830 (base 11) in base 2?
10010010101111101111101
1010111100110101 (base 2) to base 9
67466
What is 210000212 (base 4) in base 6?
3054502
-2263214 (base 8) to base 12
-258638
Convert 10000101111000001111 (base 2) to base 4.
2011320033
Convert 3432100 (base 5) to base 2.
1111000001010101
Convert -166413461 (base 7) to base 10.
-11482850
Convert 10121120002102 (base 3) to base 15.
27de6b
Convert -212375 (base 8) to base 6.
-1304141
Convert 2023ed (base 16) to base 11.
1209593
Convert 11010020020 (base 3) to base 16.
13cbf
-32983 (base 11) to base 3
-2102112002
121801 (base 10) to base 12
5a5a1
Convert 3b6e89 (base 15) to base 16.
2b9e21
Convert 493265 (base 12) to base 4.
10201322231
Convert 23344 (base 13) to base 4.
33230110
dfac (base 16) to base 9
86482
Convert 12566343 (base 7) to base 3.
2011220120010
Convert -a54374 (base 12) to base 5.
-1131140212
What is 110000101110011000 (base 2) in base 9?
333681
Convert 1410679 (base 10) to base 14.
28a14b
-23235a (base 16) to base 10
-2302810
-1738508 (base 9) to base 14
-1b3a88
1179260 (base 10) to base 14
229a8c
Convert 10000101110101110010010 (base 2) to base 10.
4385682
Convert -145454414 (base 6) to base 13.
-836c05
Convert -40477 (base 9) to base 5.
-1323023
Convert 100223232203 (base 4) to base 15.
5b5c5b
-62553 (base 7) to base 5
-443000
Convert 522bcf (base 16) to base 10.
5385167
6043a5 (base 15) to base 8
21336724
-101011111111010001010100 (base 2) to base 15
-102ba68
Convert 1011312232 (base 4) to base 13.
a0309
-111011011100100011 (base 2) to base 10
-243491
140353 (base 8) to base 12
246b7
What is -15d692c (base 14) in base 9?
-22173427
Convert -19791 (base 10) to base 16.
-4d4f
What is 145ee32 (base 15) in base 10?
14731697
What is 2c038b (base 14) in base 12?
621807
What is 32504552 (base 6) in base 7?
11161646
Convert -a669a (base 15) to base 11.
-330766
Convert -55581 (base 14) to base 6.
-4233501
What is -1412113234 (base 5) in base 4?
-31312002022
Convert 6375154 (base 10) to base 7.
105121312
Convert -65a5bb (base 16) to base 4.
-121122112323
-44705 (base 9) to base 15
-8c22
Convert -7e2902 (base 15) to base 2.
-10111000000111100000000
Convert 1231525 (base 6) to base 4.
100033031
-1000001011001110100 (base 2) to base 4
-1001121310
What is -1443023143 (base 5) in base 15?
-51899d
What is a52412 (base 11) in base 16?
19bd5a
134403301 (base 6) to base 7
32162146
Convert -10101111000001111 (base 2) to base 7.
-522161
-56092 (base 12) to base 15
-23c58
Convert -11564540 (base 7) to base 10.
-1041278
Convert -607398 (base 10) to base 12.
-253606
134443455 (base 6) to base 2
1010011101101101111011
Convert 110111001111100000 (base 2) to base 11.
145002
-21112010000 (base 3) to base 9
-245100
-231df5 (base 16) to base 15
-306d89
-43511 (base 15) to base 11
-136673
11456 (base 11) to base 6
204245
What is ed807 (base 15) in base 8?
2701400
What is -1012012120122 (base 4) in base 13?
-3a65303
Convert 4413322 (base 6) to base 7.
1603541
What is -65711 (base 13) in base 10?
-183548
Convert 16052 (base 16) to base 7.
523646
-11101100100101010111 (base 2) to base 4
-3230211113
Convert 132451251 (base 6) to base 14.
4cdd95
What is -1843 (base 14) in base 5?
-114441
-1787584 (base 9) to base 5
-224042411
What is -116016 (base 10) in base 2?
-11100010100110000
23000312211 (base 4) to base 9
5380283
What is 2548583 (base 9) in base 7?
14551320
27885 (base 15) to base 3
20102221022
Convert -77372 (base 12) to base 3.
-22000102012
What is -169885 (base 15) in base 11?
-689011
Convert -b5b98 (base 14) to base 9.
-737557
Convert 330500451 (base 6) to base 10.
5917711
347465 (base 8) to base 4
130330311
Convert 281c96 (base 14) to base 5.
323410304
What is 4132621 (base 7) in base 5?
111324401
Convert 9b4428 (base 12) to base 9.
4582175
What is 11222012221 (base 3) in base 2?
10111111000110110
Convert -3b795 (base 15) to base 16.
-2e8fb
Convert 161473 (base 8) to base 9.
87714
What is 1131341221 (base 5) in base 15?
36715b
Convert 11443501 (base 6) to base 10.
363709
What i